+ 3*r, -4*b - 5*r = -20. Let s = 19 + -5. Suppose -3*i = s - 38. What is the remainder when i is divided by b?
3
What is the remainder when (28/(-21))/(7/(21/(-2))) is divided by -1 - 0 - (-2 - 1)?
0
Let v be (-6)/(-2) - (-48)/4. Suppose 5*j - v = -0*j. What is the remainder when 8 is divided by j?
2
Let b = -1 - -5. Let q(n) = n**3 - n**2 + 60. Let f be q(0). Suppose 24 = b*m - f. What is the remainder when 40 is divided by m?
19
Let a(j) be the first derivative of -7/2*j**2 - 1/3*j**3 + 4*j + 3. Calculate the remainder when 10 is divided by a(-7).
2
Suppose -4*k + 12 = -g - 2, 2*k - 4*g - 14 = 0. Suppose k*h = -h + 80. Calculate the remainder when h is divided by 7.
6
Suppose -5*d - 3*i + 26 + 14 = 0, 2*i + 54 = 4*d. What is the remainder when 12 is divided by d?
1
Let g = -44 - -44. Suppose -8 = u - 3*u. Suppose t + 3*y = 17, u*t - y - 4*y = g. Calculate the remainder when t is divided by 4.
1
Let q = -33 + 51. Suppose -2*i + 1 + 17 = 5*g, -5*i + q = -g. Suppose 0*f = g*f + 5*x - 41, x + 49 = 4*f. What is the remainder when 37 is divided by f?
11
Suppose -25 = -5*x - 0. Suppose -4*m - 4*f = -64, 3*f - 20 = -m + f. What is the remainder when m is divided by x?
2
Let c = 0 + -1. Let q = 14 - c. Calculate the remainder when 44 is divided by q.
14
Let k = 2 - -7. Calculate the remainder when 35 is divided by k.
8
Let l be 10*((-21)/(-6))/7. Suppose l*t - 12 = 13. What is the remainder when 9 is divided by t?
4
Let o = -6 - -20. Let z(n) = n**3 - 15*n**2 + 2*n + 11. What is the remainder when z(15) is divided by o?
13
Suppose -2*x - 3*a + 7 = 0, -4 = -x + a + 7. Let n = x + -2. Let k = n + -3. What is the remainder when 7 is divided by k?
1
Calculate the remainder when 2*3/(12/38) is divided by 6.
1
Suppose 4*w = 5*p - 121, -4*p + 7*p - 4*w - 71 = 0. What is the remainder when p is divided by 14?
11
Suppose 3*c + 304 = 6*c + 5*g, 3*c - 299 = -4*g. Calculate the remainder when c is divided by 32.
29
Let c = 9 - 6. What is the remainder when 12 is divided by c?
0
Let n = -27 + 46. Calculate the remainder when 54 is divided by -1*n/(-2)*2.
16
Let j(x) = 3*x**2 - x - 2. Let p be j(-3). Suppose -p = -2*n - 4*c + 6, 34 = 2*n - 5*c. What is the remainder when n is divided by 10?
7
Suppose 8 = n - j, 4*n + j = n + 24. Let m(c) = 2*c + 10. What is the remainder when m(n) is divided by 9?
8
Suppose 5*f = 2*f + 117. What is the remainder when f is divided by 11?
6
Let p = 74 - 48. Let d = p + 23. Let n = -10 - -27. Calculate the remainder when d is divided by n.
15
What is the remainder when 186 is divided by (-6)/15 - 548/(-20)?
24
Let l = -3 + 7. Let x(b) = -b**3 + 5*b**2 - 2*b + 3. What is the remainder when x(4) is divided by l?
3
Let u(p) = -24*p**2 - 2*p + 1. Let f be u(-2). Let s = -65 - f. Suppose 2*g - 9 = 3*j, 2*g + 15 = 4*g - j. Calculate the remainder when s is divided by g.
8
Calculate the remainder when 86 is divided by (-4)/(-14) + (-304)/(-14).
20
Suppose -20 = -10*n + 5*n. Let z(u) = u**3 + 19*u**2 - 20*u + 8. Calculate the remainder when z(-20) is divided by n.
0
Suppose 4*t - 32 = 2*b - 298, 4*t = -2*b + 250. Calculate the remainder when b is divided by 26.
25
Let i(q) = 12*q - 3. What is the remainder when i(2) is divided by 11?
10
Let y(i) = -i**3 - 5*i**2 - 6*i - 16. Calculate the remainder when 79 is divided by y(-5).
9
Suppose 8 = -i - 4*z, -5*i - 5*z + 34 = -1. Calculate the remainder when ((-24)/i)/((-2)/97) is divided by 33.
31
Let s be 1/((-1)/(-4) - 0). Let b = 541 + -376. Suppose b = 3*u - 0*i - 3*i, 106 = 2*u - s*i. What is the remainder when u is divided by 15?
12
Let f(b) = -2*b + 1. Calculate the remainder when 19 is divided by f(-3).
5
Let k be (-3 + 1)*(-3)/2. Suppose -7 = -k*s - 61. Calculate the remainder when 46 is divided by (-2)/(39/s + 2).
10
Let p(q) = q**3 + 9*q**2 - 10*q + 11. Calculate the remainder when 30 is divided by p(-10).
8
Suppose -10*p = -7*p - 9. Suppose -5*h + 5 = -2*u + 2, -37 = -2*u - p*h. Calculate the remainder when u is divided by 4.
3
Let j(i) = -i**3 + 6*i**2 + i + 5. Let v = 7 + -2. Calculate the remainder when j(v) is divided by 18.
17
Let d(a) = -2*a - 2. What is the remainder when 1 + 3/3 + 9 is divided by d(-4)?
5
Let k(x) = -7*x. Let q(a) = -2*a + 6. Let y = 12 + -8. Let v be q(y). What is the remainder when 39 is divided by k(v)?
11
Let i = 59 + -30. What is the remainder when i is divided by 16?
13
Suppose -4*d - 2*t + 61 = -3*t, -t + 51 = 3*d. Calculate the remainder when 35 is divided by d.
3
Suppose -3*q + 31 = -2*v, q - 3*v = 3*q - 38. Let w(j) = 0*j**2 + 1 - 4 - 3*j + j**2. Calculate the remainder when q is divided by w(-2).
6
Let o(m) = -204*m. Let k be o(-1). What is the remainder when -3 + (-5)/((-15)/k) is divided by 17?
14
Let v(x) = -x**2 - 5*x - 1. Let g = 6 - 3. Calculate the remainder when v(-2) is divided by g.
2
Let f be (-4 - -2)/2 - -3. Let b(m) = 2 - 3 + f + 2*m - 3. Calculate the remainder when b(6) is divided by 6.
4
Let c(x) be the first derivative of x**2/2 - 1. Let y(u) = u**3 + 7*u**2 - 3*u - 17. Let f be y(-7). What is the remainder when 11 is divided by c(f)?
3
Let m = -5 + 15. Let z = 1 - 1. Suppose z = 4*c - 68 - 0. Calculate the remainder when c is divided by m.
7
Suppose -y - 2*y + 24 = 0. Suppose 3*n + 2*v - y = 5*n, 3*v + 12 = 0. What is the remainder when 19 is divided by 28/n*(0 + -2)?
5
Suppose 4*b - 5 = -b + 3*c, 0 = 3*b + c - 17. Suppose 0 = 3*t + 2*t - 4*u - 99, -b*u + 53 = 3*t. What is the remainder when t is divided by 7?
5
Suppose 33 = 4*o + 5. Calculate the remainder when o is divided by 5.
2
Calculate the remainder when 56 is divided by 1751/119 + (-4)/(-14).
11
Suppose -5*c + 3*i = 64, i = 2*c - 4*c - 19. Let k be 1/(((-2)/7)/2). Let p = k - c. What is the remainder when 6 is divided by p?
2
Let d = -14 + 21. Suppose 3*h = h + 6. Suppose -h*w = -w - 38. What is the remainder when w is divided by d?
5
Suppose -4*v = 3*a - 75, -5*v + 2*a - a = -70. Calculate the remainder when 71 is divided by v.
11
Let h = 4 + -4. Suppose h = 2*x + x + 63. Let o = x - -36. Calculate the remainder when o is divided by 4.
3
Suppose 0 = -19*s + 15*s + 84. Suppose 0 = c - 3 - 79. What is the remainder when c is divided by s?
19
Let t = 7 - 4. Suppose 0 = 4*c + 3*o + 9 + 66, 4*c + 2*o + 74 = 0. Calculate the remainder when (-4)/(-18) - 68/c is divided by t.
1
Suppose 3*f = -2*f + 550. Suppose 5*u + 5*x - f = 0, -x - 38 = -u - 12. Suppose -3*w = -w - u. Calculate the remainder when 35 is divided by w.
11
Let r = 2 + -1. Let s be (2/(-4))/r*2. Let w = s + 5. Calculate the remainder when 6 is divided by w.
2
Suppose h - 81 = -w - 3*w, 5*w = -4*h + 115. What is the remainder when w is divided by 8?
3
Suppose -c - c + 106 = 0. What is the remainder when c is divided by 18?
17
Suppose 0 = -f + 4*f. Suppose -4*s = 4*d - 12, 5*d - 19 = -5*s + 2*d. What is the remainder when f + (-1 - -2) - -12 is divided by s?
3
Suppose -2*z - 2*z = -252. What is the remainder when z is divided by 13?
11
Calculate the remainder when 100 is divided by 52/3 + 6/(-18).
15
Suppose 9*a - 16 = 8*a. What is the remainder when 174 is divided by a?
14
Let h(v) = -v**2 - 1 + 7*v**3 + 2 + v + 1. Let g be h(3). Suppose 4*l = -3*u + g, -l - 3*u - 2*u = -42. What is the remainder when l is divided by 12?
11
Suppose 0 = 5*m - 2*q - 172, 5*q - 2*q = 12. Let y be (-40)/(-12) - 1/3. Suppose -38 = p - y*p. Calculate the remainder when m is divided by p.
17
Let c = -24 + 49. Suppose 5*t + 1 - 6 = -5*b, 5*t - c = 5*b. What is the remainder when 11 is divided by t?
2
Suppose f + 0*f - 5 = 0. Calculate the remainder when f is divided by 2.
1
Let a(i) = i**2 + 5*i - 1. Let d be a(-5). Let t = d - -4. Let m = t + 0. What is the remainder when m is divided by 2?
1
Let c(b) = 6*b + 1. Let r be c(-1). Let k = r + 7. Suppose v = -h + 29, k*v + v - 5*h = 47. Calculate the remainder when v is divided by 13.
11
Suppose -2*m + 248 = 2*m. Let s = 14 - -2. What is the remainder when m is divided by s?
14
Let r(o) = -o**2 - o - 1. Let n(k) = -2*k**2 - 2*k - 3. Let x(h) = n(h) - 3*r(h). What is the remainder when 3 is divided by x(1)?
1
Suppose 3*x + 0 - 14 = 5*w, -3*x + 4*w = -16. Let t(r) = -r**2 + 8*r - 4. Let v be t(x). What is the remainder when 6 is divided by (1 - -1)/(v/(-8))?
2
Suppose 28*f = 32*f - 212. What i